{"id":9,"date":"2016-09-17T11:50:55","date_gmt":"2016-09-17T09:50:55","guid":{"rendered":"http:\/\/vivatv.webd.pl\/bal\/?page_id=18"},"modified":"2021-12-01T11:41:53","modified_gmt":"2021-12-01T10:41:53","slug":"galeria","status":"publish","type":"page","link":"https:\/\/bal.vivadental.pl\/2017\/galeria\/","title":{"rendered":"Galeria"},"content":{"rendered":"<h2>Galeria 2017<\/h2>\n<p>Kliknij na\u00a0zdj\u0119cie by\u00a0obejrze\u0107 galeri\u0119 wydarze\u0144 Drugiego Balu Charytatywnego Vivadental 2017.<\/p>\n<p><a href=\"https:\/\/bal.vivadental.pl\/galeria-balu-vivadental-2017\/\"><img decoding=\"async\" loading=\"lazy\" class=\"alignnone size-medium wp-image-1627 aligncenter\" src=\"https:\/\/bal.vivadental.pl\/wp-content\/uploads\/2017\/11\/bal-2017-109-500x333.jpg\" alt=\"\" width=\"500\" height=\"333\" srcset=\"https:\/\/bal.vivadental.pl\/2017\/wp-content\/uploads\/2017\/11\/bal-2017-109-500x333.jpg 500w, https:\/\/bal.vivadental.pl\/2017\/wp-content\/uploads\/2017\/11\/bal-2017-109-768x512.jpg 768w, https:\/\/bal.vivadental.pl\/2017\/wp-content\/uploads\/2017\/11\/bal-2017-109-1024x682.jpg 1024w, https:\/\/bal.vivadental.pl\/2017\/wp-content\/uploads\/2017\/11\/bal-2017-109.jpg 1280w\" sizes=\"(max-width: 500px) 100vw, 500px\" \/><\/a><\/p>\n<hr \/>\n<h2>Galeria 2016<\/h2>\n<p style=\"text-align: justify;\">Kliknij na zdj\u0119cie by obejrze\u0107 galeri\u0119 wydarze\u0144 Pierwszego Balu Charytatywnego Vivadental 2016.<\/p>\n<p style=\"text-align: justify;\"><a href=\"https:\/\/bal.vivadental.pl\/bal-charytatywny-vivadental-2016-galeria\/\"><img decoding=\"async\" loading=\"lazy\" class=\"thumbnail aligncenter wp-image-370 size-medium\" src=\"https:\/\/bal.vivadental.pl\/wp-content\/uploads\/2016\/09\/bal-charytatywny-1-500x333.jpg\" alt=\"\" width=\"500\" height=\"333\" srcset=\"https:\/\/bal.vivadental.pl\/2017\/wp-content\/uploads\/2016\/09\/bal-charytatywny-1-500x333.jpg 500w, https:\/\/bal.vivadental.pl\/2017\/wp-content\/uploads\/2016\/09\/bal-charytatywny-1-768x512.jpg 768w, https:\/\/bal.vivadental.pl\/2017\/wp-content\/uploads\/2016\/09\/bal-charytatywny-1-1024x683.jpg 1024w, https:\/\/bal.vivadental.pl\/2017\/wp-content\/uploads\/2016\/09\/bal-charytatywny-1.jpg 1120w\" sizes=\"(max-width: 500px) 100vw, 500px\" \/><\/a><\/p>\n<hr \/>\n","protected":false},"excerpt":{"rendered":"<p>Galeria 2017 Kliknij na\u00a0zdj\u0119cie by\u00a0obejrze\u0107 galeri\u0119 wydarze\u0144 Drugiego Balu Charytatywnego Vivadental 2017. Galeria 2016 Kliknij na zdj\u0119cie by obejrze\u0107 galeri\u0119 wydarze\u0144 Pierwszego Balu Charytatywnego Vivadental 2016.<\/p>\n","protected":false},"author":1,"featured_media":0,"parent":0,"menu_order":0,"comment_status":"closed","ping_status":"closed","template":"","meta":{"_editorskit_title_hidden":false,"_editorskit_reading_time":0,"_editorskit_typography_data":[],"_editorskit_blocks_typography":"","_editorskit_is_block_options_detached":false,"_editorskit_block_options_position":"{}","_monsterinsights_skip_tracking":false,"_monsterinsights_sitenote_active":false,"_monsterinsights_sitenote_note":"","_monsterinsights_sitenote_category":0},"yoast_head":"<!-- This site is optimized with the Yoast SEO plugin v19.2 - https:\/\/yoast.com\/wordpress\/plugins\/seo\/ -->\n<title>Galeria - Bal Vivadental - rok 2017<\/title>\n<meta name=\"robots\" content=\"index, follow, max-snippet:-1, max-image-preview:large, max-video-preview:-1\" \/>\n<link rel=\"canonical\" href=\"https:\/\/bal.vivadental.pl\/2017\/galeria\/\" \/>\n<meta property=\"og:locale\" content=\"pl_PL\" \/>\n<meta property=\"og:type\" content=\"article\" \/>\n<meta property=\"og:title\" content=\"Galeria - Bal Vivadental - rok 2017\" \/>\n<meta property=\"og:description\" content=\"Galeria 2017 Kliknij na\u00a0zdj\u0119cie by\u00a0obejrze\u0107 galeri\u0119 wydarze\u0144 Drugiego Balu Charytatywnego Vivadental 2017. Galeria 2016 Kliknij na zdj\u0119cie by obejrze\u0107 galeri\u0119 wydarze\u0144 Pierwszego Balu Charytatywnego Vivadental 2016.\" \/>\n<meta property=\"og:url\" content=\"https:\/\/bal.vivadental.pl\/2017\/galeria\/\" \/>\n<meta property=\"og:site_name\" content=\"Bal Vivadental - rok 2017\" \/>\n<meta property=\"article:modified_time\" content=\"2021-12-01T10:41:53+00:00\" \/>\n<meta property=\"og:image\" content=\"https:\/\/bal.vivadental.pl\/wp-content\/uploads\/2017\/11\/bal-2017-109-500x333.jpg\" \/>\n<meta name=\"author\" content=\"Jaros\u0142aw Szycik\" \/>\n<meta name=\"twitter:card\" content=\"summary_large_image\" \/>\n<meta name=\"twitter:label1\" content=\"Szacowany czas czytania\" \/>\n\t<meta name=\"twitter:data1\" content=\"1 minuta\" \/>\n<script type=\"application\/ld+json\" class=\"yoast-schema-graph\">{\"@context\":\"https:\/\/schema.org\",\"@graph\":[{\"@type\":\"WebSite\",\"@id\":\"https:\/\/bal.vivadental.pl\/2017\/#website\",\"url\":\"https:\/\/bal.vivadental.pl\/2017\/\",\"name\":\"Bal Vivadental - rok 2017\",\"description\":\"Bal Vivadental - rok 2017\",\"potentialAction\":[{\"@type\":\"SearchAction\",\"target\":{\"@type\":\"EntryPoint\",\"urlTemplate\":\"https:\/\/bal.vivadental.pl\/2017\/?s={search_term_string}\"},\"query-input\":\"required name=search_term_string\"}],\"inLanguage\":\"pl-PL\"},{\"@type\":\"ImageObject\",\"inLanguage\":\"pl-PL\",\"@id\":\"https:\/\/bal.vivadental.pl\/2017\/galeria\/#primaryimage\",\"url\":\"https:\/\/bal.vivadental.pl\/wp-content\/uploads\/2017\/11\/bal-2017-109-500x333.jpg\",\"contentUrl\":\"https:\/\/bal.vivadental.pl\/wp-content\/uploads\/2017\/11\/bal-2017-109-500x333.jpg\"},{\"@type\":\"WebPage\",\"@id\":\"https:\/\/bal.vivadental.pl\/2017\/galeria\/#webpage\",\"url\":\"https:\/\/bal.vivadental.pl\/2017\/galeria\/\",\"name\":\"Galeria - Bal Vivadental - rok 2017\",\"isPartOf\":{\"@id\":\"https:\/\/bal.vivadental.pl\/2017\/#website\"},\"primaryImageOfPage\":{\"@id\":\"https:\/\/bal.vivadental.pl\/2017\/galeria\/#primaryimage\"},\"datePublished\":\"2016-09-17T09:50:55+00:00\",\"dateModified\":\"2021-12-01T10:41:53+00:00\",\"breadcrumb\":{\"@id\":\"https:\/\/bal.vivadental.pl\/2017\/galeria\/#breadcrumb\"},\"inLanguage\":\"pl-PL\",\"potentialAction\":[{\"@type\":\"ReadAction\",\"target\":[\"https:\/\/bal.vivadental.pl\/2017\/galeria\/\"]}]},{\"@type\":\"BreadcrumbList\",\"@id\":\"https:\/\/bal.vivadental.pl\/2017\/galeria\/#breadcrumb\",\"itemListElement\":[{\"@type\":\"ListItem\",\"position\":1,\"name\":\"Strona g\u0142\u00f3wna\",\"item\":\"https:\/\/bal.vivadental.pl\/2017\/\"},{\"@type\":\"ListItem\",\"position\":2,\"name\":\"Galeria\"}]}]}<\/script>\n<!-- \/ Yoast SEO plugin. -->","yoast_head_json":{"title":"Galeria - Bal Vivadental - rok 2017","robots":{"index":"index","follow":"follow","max-snippet":"max-snippet:-1","max-image-preview":"max-image-preview:large","max-video-preview":"max-video-preview:-1"},"canonical":"https:\/\/bal.vivadental.pl\/2017\/galeria\/","og_locale":"pl_PL","og_type":"article","og_title":"Galeria - Bal Vivadental - rok 2017","og_description":"Galeria 2017 Kliknij na\u00a0zdj\u0119cie by\u00a0obejrze\u0107 galeri\u0119 wydarze\u0144 Drugiego Balu Charytatywnego Vivadental 2017. Galeria 2016 Kliknij na zdj\u0119cie by obejrze\u0107 galeri\u0119 wydarze\u0144 Pierwszego Balu Charytatywnego Vivadental 2016.","og_url":"https:\/\/bal.vivadental.pl\/2017\/galeria\/","og_site_name":"Bal Vivadental - rok 2017","article_modified_time":"2021-12-01T10:41:53+00:00","og_image":[{"url":"https:\/\/bal.vivadental.pl\/wp-content\/uploads\/2017\/11\/bal-2017-109-500x333.jpg"}],"author":"Jaros\u0142aw Szycik","twitter_card":"summary_large_image","twitter_misc":{"Szacowany czas czytania":"1 minuta"},"schema":{"@context":"https:\/\/schema.org","@graph":[{"@type":"WebSite","@id":"https:\/\/bal.vivadental.pl\/2017\/#website","url":"https:\/\/bal.vivadental.pl\/2017\/","name":"Bal Vivadental - rok 2017","description":"Bal Vivadental - rok 2017","potentialAction":[{"@type":"SearchAction","target":{"@type":"EntryPoint","urlTemplate":"https:\/\/bal.vivadental.pl\/2017\/?s={search_term_string}"},"query-input":"required name=search_term_string"}],"inLanguage":"pl-PL"},{"@type":"ImageObject","inLanguage":"pl-PL","@id":"https:\/\/bal.vivadental.pl\/2017\/galeria\/#primaryimage","url":"https:\/\/bal.vivadental.pl\/wp-content\/uploads\/2017\/11\/bal-2017-109-500x333.jpg","contentUrl":"https:\/\/bal.vivadental.pl\/wp-content\/uploads\/2017\/11\/bal-2017-109-500x333.jpg"},{"@type":"WebPage","@id":"https:\/\/bal.vivadental.pl\/2017\/galeria\/#webpage","url":"https:\/\/bal.vivadental.pl\/2017\/galeria\/","name":"Galeria - Bal Vivadental - rok 2017","isPartOf":{"@id":"https:\/\/bal.vivadental.pl\/2017\/#website"},"primaryImageOfPage":{"@id":"https:\/\/bal.vivadental.pl\/2017\/galeria\/#primaryimage"},"datePublished":"2016-09-17T09:50:55+00:00","dateModified":"2021-12-01T10:41:53+00:00","breadcrumb":{"@id":"https:\/\/bal.vivadental.pl\/2017\/galeria\/#breadcrumb"},"inLanguage":"pl-PL","potentialAction":[{"@type":"ReadAction","target":["https:\/\/bal.vivadental.pl\/2017\/galeria\/"]}]},{"@type":"BreadcrumbList","@id":"https:\/\/bal.vivadental.pl\/2017\/galeria\/#breadcrumb","itemListElement":[{"@type":"ListItem","position":1,"name":"Strona g\u0142\u00f3wna","item":"https:\/\/bal.vivadental.pl\/2017\/"},{"@type":"ListItem","position":2,"name":"Galeria"}]}]}},"_links":{"self":[{"href":"https:\/\/bal.vivadental.pl\/2017\/wp-json\/wp\/v2\/pages\/9"}],"collection":[{"href":"https:\/\/bal.vivadental.pl\/2017\/wp-json\/wp\/v2\/pages"}],"about":[{"href":"https:\/\/bal.vivadental.pl\/2017\/wp-json\/wp\/v2\/types\/page"}],"author":[{"embeddable":true,"href":"https:\/\/bal.vivadental.pl\/2017\/wp-json\/wp\/v2\/users\/1"}],"replies":[{"embeddable":true,"href":"https:\/\/bal.vivadental.pl\/2017\/wp-json\/wp\/v2\/comments?post=9"}],"version-history":[{"count":3,"href":"https:\/\/bal.vivadental.pl\/2017\/wp-json\/wp\/v2\/pages\/9\/revisions"}],"predecessor-version":[{"id":111,"href":"https:\/\/bal.vivadental.pl\/2017\/wp-json\/wp\/v2\/pages\/9\/revisions\/111"}],"wp:attachment":[{"href":"https:\/\/bal.vivadental.pl\/2017\/wp-json\/wp\/v2\/media?parent=9"}],"curies":[{"name":"wp","href":"https:\/\/api.w.org\/{rel}","templated":true}]}}