{"id":60,"date":"2017-08-21T10:53:49","date_gmt":"2017-08-21T08:53:49","guid":{"rendered":"http:\/\/vivatv.webd.pl\/bal\/?page_id=1264"},"modified":"2017-08-21T10:53:49","modified_gmt":"2017-08-21T08:53:49","slug":"o-nas-2017","status":"publish","type":"page","link":"https:\/\/bal.vivadental.pl\/2017\/o-nas-2017\/","title":{"rendered":"O nas"},"content":{"rendered":"<p style=\"text-align: justify;\">Fundacja dla Dzieci Vivadental to moja najwa\u017cniejsza inicjatywa spo\u0142eczna, koncentruj\u0105ca si\u0119 na pomaganiu najbardziej potrzebuj\u0105cym. Dysponuj\u0105c 25 letnim do\u015bwiadczeniem lekarskim, prowadz\u0105c klinik\u0119 Vivadental ze \u015bwietn\u0105 kadr\u0105 medyczn\u0105 i doskona\u0142ym zapleczem technicznym, mog\u0142am z pe\u0142n\u0105 odpowiedzialno\u015bci\u0105 podj\u0105\u0107 decyzj\u0119 o powo\u0142aniu Fundacji i oparciu jej dzia\u0142alno\u015bci o posiadany potencja\u0142.<\/p>\n<p style=\"text-align: justify;\">Odbiorcami pomocy Fundacji s\u0105 przede wszystkim dzieci: niepe\u0142nosprawne, osierocone, nieuleczanie chore oraz m\u0142ode osoby choruj\u0105ce na oligodoncj\u0119- rzadk\u0105 chorob\u0119 genetyczn\u0105. Prowadzimy r\u00f3wnie\u017c projekty edukacyjne w zakresie profilaktyki pr\u00f3chnicy i kreowania prawid\u0142owej kultury zdrowia jamy ustnej, \u017ce szczeg\u00f3ln\u0105 uwag\u0105 skierowan\u0105 na potrzeby senior\u00f3w.<\/p>\n<p style=\"text-align: justify;\">Od roku 2014 Fundacja obj\u0119\u0142a nieodp\u0142atnym leczeniem i diagnostyk\u0105 stomatologiczn\u0105 ju\u017c ponad 180 dzieci z wojew\u00f3dztwa pomorskiego. W\u015br\u00f3d nich s\u0105 dzieci z O\u015brodk\u00f3w Rewalidacyjno \u2013 Wychowawczych \u201e\u017bu\u0142awski S\u0142onecznik\u201d w Giemlicach oraz w Jeziernikach, z Domu Ma\u0142ych Dzieci im. Jacka Korczaka w Gda\u0144sku, Rodzinnych Dom\u00f3w Dziecka ze S\u0142upska, Gda\u0144skiego Pogotowia Opieku\u0144czego, Plac\u00f3wki Opieku\u0144czo-Wychowawczej w Gdyni, m\u0142odzi sportowcy w Fundacji Obud\u017a Nadziej\u0119, podopieczni Stowarzyszenia Pomocy Osobom Autystycznym. Podejmujemy inicjatywy charytatywne wsp\u00f3\u0142pracuj\u0105c z innymi fundacjami, dla kt\u00f3rych dobro dzieci skrzywdzonych przez los jest tak wa\u017cne jak dla nas, Fundacji dla Dzieci Vivadental.<\/p>\n<p style=\"text-align: justify;\">Podopiecznych i potrzeb przybywa, wi\u0119\u0107 mimo najlepszych ch\u0119ci nie jeste\u015bmy z stanie im podo\u0142a\u0107 bez wsparcia ludzi dobrej woli.<\/p>\n<p style=\"text-align: justify;\">Gor\u0105co wierz\u0119, \u017ce Drugi Bal Charytatywny zyska Pa\u0144stwa aprobat\u0119, a po\u0142\u0105czenie filantropii z dobr\u0105 zabaw\u0105 pozwoli, dzi\u0119ki Waszym szlachetnym sercom, pom\u00f3c kolejnym dzieciom, aby mog\u0142y z u\u015bmiechem pokona\u0107 trudno\u015bci na swojej drodze.<\/p>\n<p style=\"text-align: justify;\"><em>Dr n. med. Violetta Szycik<\/em><br \/>\n<em>Prezes Zarz\u0105du Fundacji dla Dzieci VIVADENTAL<\/em><\/p>\n<p><img decoding=\"async\" loading=\"lazy\" class=\"alignnone size-medium wp-image-124\" src=\"http:\/\/vivatv.webd.pl\/bal\/wp-content\/uploads\/2016\/09\/v-szycik-fundacja-500x262.jpg\" alt=\"\" width=\"500\" height=\"262\" srcset=\"https:\/\/bal.vivadental.pl\/2017\/wp-content\/uploads\/2016\/09\/v-szycik-fundacja-500x262.jpg 500w, https:\/\/bal.vivadental.pl\/2017\/wp-content\/uploads\/2016\/09\/v-szycik-fundacja-768x402.jpg 768w, https:\/\/bal.vivadental.pl\/2017\/wp-content\/uploads\/2016\/09\/v-szycik-fundacja-1024x536.jpg 1024w, https:\/\/bal.vivadental.pl\/2017\/wp-content\/uploads\/2016\/09\/v-szycik-fundacja.jpg 1200w\" sizes=\"(max-width: 500px) 100vw, 500px\" \/><\/p>\n","protected":false},"excerpt":{"rendered":"<p>Fundacja dla Dzieci Vivadental to moja najwa\u017cniejsza inicjatywa spo\u0142eczna, koncentruj\u0105ca si\u0119 na pomaganiu najbardziej potrzebuj\u0105cym. Dysponuj\u0105c 25 letnim do\u015bwiadczeniem lekarskim, prowadz\u0105c klinik\u0119 Vivadental ze \u015bwietn\u0105 kadr\u0105 medyczn\u0105 i doskona\u0142ym zapleczem technicznym, mog\u0142am z pe\u0142n\u0105 odpowiedzialno\u015bci\u0105 podj\u0105\u0107 decyzj\u0119 o powo\u0142aniu Fundacji i oparciu jej dzia\u0142alno\u015bci o posiadany potencja\u0142. Odbiorcami pomocy Fundacji s\u0105 przede wszystkim dzieci: niepe\u0142nosprawne, &#8230; <a title=\"O nas\" class=\"read-more\" href=\"https:\/\/bal.vivadental.pl\/2017\/o-nas-2017\/\" aria-label=\"More on O nas\">Read more<\/a><\/p>\n","protected":false},"author":1,"featured_media":0,"parent":0,"menu_order":0,"comment_status":"closed","ping_status":"closed","template":"","meta":{"_editorskit_title_hidden":false,"_editorskit_reading_time":0,"_editorskit_typography_data":[],"_editorskit_blocks_typography":"","_editorskit_is_block_options_detached":false,"_editorskit_block_options_position":"{}","_monsterinsights_skip_tracking":false,"_monsterinsights_sitenote_active":false,"_monsterinsights_sitenote_note":"","_monsterinsights_sitenote_category":0},"yoast_head":"<!-- This site is optimized with the Yoast SEO plugin v19.2 - https:\/\/yoast.com\/wordpress\/plugins\/seo\/ -->\n<title>O nas - Bal Vivadental - rok 2017<\/title>\n<meta name=\"robots\" content=\"index, follow, max-snippet:-1, max-image-preview:large, max-video-preview:-1\" \/>\n<link rel=\"canonical\" href=\"https:\/\/bal.vivadental.pl\/2017\/o-nas-2017\/\" \/>\n<meta property=\"og:locale\" content=\"pl_PL\" \/>\n<meta property=\"og:type\" content=\"article\" \/>\n<meta property=\"og:title\" content=\"O nas - Bal Vivadental - rok 2017\" \/>\n<meta property=\"og:description\" content=\"Fundacja dla Dzieci Vivadental to moja najwa\u017cniejsza inicjatywa spo\u0142eczna, koncentruj\u0105ca si\u0119 na pomaganiu najbardziej potrzebuj\u0105cym. Dysponuj\u0105c 25 letnim do\u015bwiadczeniem lekarskim, prowadz\u0105c klinik\u0119 Vivadental ze \u015bwietn\u0105 kadr\u0105 medyczn\u0105 i doskona\u0142ym zapleczem technicznym, mog\u0142am z pe\u0142n\u0105 odpowiedzialno\u015bci\u0105 podj\u0105\u0107 decyzj\u0119 o powo\u0142aniu Fundacji i oparciu jej dzia\u0142alno\u015bci o posiadany potencja\u0142. Odbiorcami pomocy Fundacji s\u0105 przede wszystkim dzieci: niepe\u0142nosprawne, ... Read more\" \/>\n<meta property=\"og:url\" content=\"https:\/\/bal.vivadental.pl\/2017\/o-nas-2017\/\" \/>\n<meta property=\"og:site_name\" content=\"Bal Vivadental - rok 2017\" \/>\n<meta property=\"og:image\" content=\"http:\/\/vivatv.webd.pl\/bal\/wp-content\/uploads\/2016\/09\/v-szycik-fundacja-500x262.jpg\" \/>\n<meta name=\"author\" content=\"Jaros\u0142aw Szycik\" \/>\n<meta name=\"twitter:card\" content=\"summary_large_image\" \/>\n<meta name=\"twitter:label1\" content=\"Szacowany czas czytania\" \/>\n\t<meta name=\"twitter:data1\" content=\"1 minuta\" \/>\n<script type=\"application\/ld+json\" class=\"yoast-schema-graph\">{\"@context\":\"https:\/\/schema.org\",\"@graph\":[{\"@type\":\"WebSite\",\"@id\":\"https:\/\/bal.vivadental.pl\/2017\/#website\",\"url\":\"https:\/\/bal.vivadental.pl\/2017\/\",\"name\":\"Bal Vivadental - rok 2017\",\"description\":\"Bal Vivadental - rok 2017\",\"potentialAction\":[{\"@type\":\"SearchAction\",\"target\":{\"@type\":\"EntryPoint\",\"urlTemplate\":\"https:\/\/bal.vivadental.pl\/2017\/?s={search_term_string}\"},\"query-input\":\"required name=search_term_string\"}],\"inLanguage\":\"pl-PL\"},{\"@type\":\"ImageObject\",\"inLanguage\":\"pl-PL\",\"@id\":\"https:\/\/bal.vivadental.pl\/2017\/o-nas-2017\/#primaryimage\",\"url\":\"http:\/\/vivatv.webd.pl\/bal\/wp-content\/uploads\/2016\/09\/v-szycik-fundacja-500x262.jpg\",\"contentUrl\":\"http:\/\/vivatv.webd.pl\/bal\/wp-content\/uploads\/2016\/09\/v-szycik-fundacja-500x262.jpg\"},{\"@type\":\"WebPage\",\"@id\":\"https:\/\/bal.vivadental.pl\/2017\/o-nas-2017\/#webpage\",\"url\":\"https:\/\/bal.vivadental.pl\/2017\/o-nas-2017\/\",\"name\":\"O nas - Bal Vivadental - rok 2017\",\"isPartOf\":{\"@id\":\"https:\/\/bal.vivadental.pl\/2017\/#website\"},\"primaryImageOfPage\":{\"@id\":\"https:\/\/bal.vivadental.pl\/2017\/o-nas-2017\/#primaryimage\"},\"datePublished\":\"2017-08-21T08:53:49+00:00\",\"dateModified\":\"2017-08-21T08:53:49+00:00\",\"breadcrumb\":{\"@id\":\"https:\/\/bal.vivadental.pl\/2017\/o-nas-2017\/#breadcrumb\"},\"inLanguage\":\"pl-PL\",\"potentialAction\":[{\"@type\":\"ReadAction\",\"target\":[\"https:\/\/bal.vivadental.pl\/2017\/o-nas-2017\/\"]}]},{\"@type\":\"BreadcrumbList\",\"@id\":\"https:\/\/bal.vivadental.pl\/2017\/o-nas-2017\/#breadcrumb\",\"itemListElement\":[{\"@type\":\"ListItem\",\"position\":1,\"name\":\"Strona g\u0142\u00f3wna\",\"item\":\"https:\/\/bal.vivadental.pl\/2017\/\"},{\"@type\":\"ListItem\",\"position\":2,\"name\":\"O nas\"}]}]}<\/script>\n<!-- \/ Yoast SEO plugin. -->","yoast_head_json":{"title":"O nas - Bal Vivadental - rok 2017","robots":{"index":"index","follow":"follow","max-snippet":"max-snippet:-1","max-image-preview":"max-image-preview:large","max-video-preview":"max-video-preview:-1"},"canonical":"https:\/\/bal.vivadental.pl\/2017\/o-nas-2017\/","og_locale":"pl_PL","og_type":"article","og_title":"O nas - Bal Vivadental - rok 2017","og_description":"Fundacja dla Dzieci Vivadental to moja najwa\u017cniejsza inicjatywa spo\u0142eczna, koncentruj\u0105ca si\u0119 na pomaganiu najbardziej potrzebuj\u0105cym. Dysponuj\u0105c 25 letnim do\u015bwiadczeniem lekarskim, prowadz\u0105c klinik\u0119 Vivadental ze \u015bwietn\u0105 kadr\u0105 medyczn\u0105 i doskona\u0142ym zapleczem technicznym, mog\u0142am z pe\u0142n\u0105 odpowiedzialno\u015bci\u0105 podj\u0105\u0107 decyzj\u0119 o powo\u0142aniu Fundacji i oparciu jej dzia\u0142alno\u015bci o posiadany potencja\u0142. Odbiorcami pomocy Fundacji s\u0105 przede wszystkim dzieci: niepe\u0142nosprawne, ... Read more","og_url":"https:\/\/bal.vivadental.pl\/2017\/o-nas-2017\/","og_site_name":"Bal Vivadental - rok 2017","og_image":[{"url":"http:\/\/vivatv.webd.pl\/bal\/wp-content\/uploads\/2016\/09\/v-szycik-fundacja-500x262.jpg"}],"author":"Jaros\u0142aw Szycik","twitter_card":"summary_large_image","twitter_misc":{"Szacowany czas czytania":"1 minuta"},"schema":{"@context":"https:\/\/schema.org","@graph":[{"@type":"WebSite","@id":"https:\/\/bal.vivadental.pl\/2017\/#website","url":"https:\/\/bal.vivadental.pl\/2017\/","name":"Bal Vivadental - rok 2017","description":"Bal Vivadental - rok 2017","potentialAction":[{"@type":"SearchAction","target":{"@type":"EntryPoint","urlTemplate":"https:\/\/bal.vivadental.pl\/2017\/?s={search_term_string}"},"query-input":"required name=search_term_string"}],"inLanguage":"pl-PL"},{"@type":"ImageObject","inLanguage":"pl-PL","@id":"https:\/\/bal.vivadental.pl\/2017\/o-nas-2017\/#primaryimage","url":"http:\/\/vivatv.webd.pl\/bal\/wp-content\/uploads\/2016\/09\/v-szycik-fundacja-500x262.jpg","contentUrl":"http:\/\/vivatv.webd.pl\/bal\/wp-content\/uploads\/2016\/09\/v-szycik-fundacja-500x262.jpg"},{"@type":"WebPage","@id":"https:\/\/bal.vivadental.pl\/2017\/o-nas-2017\/#webpage","url":"https:\/\/bal.vivadental.pl\/2017\/o-nas-2017\/","name":"O nas - Bal Vivadental - rok 2017","isPartOf":{"@id":"https:\/\/bal.vivadental.pl\/2017\/#website"},"primaryImageOfPage":{"@id":"https:\/\/bal.vivadental.pl\/2017\/o-nas-2017\/#primaryimage"},"datePublished":"2017-08-21T08:53:49+00:00","dateModified":"2017-08-21T08:53:49+00:00","breadcrumb":{"@id":"https:\/\/bal.vivadental.pl\/2017\/o-nas-2017\/#breadcrumb"},"inLanguage":"pl-PL","potentialAction":[{"@type":"ReadAction","target":["https:\/\/bal.vivadental.pl\/2017\/o-nas-2017\/"]}]},{"@type":"BreadcrumbList","@id":"https:\/\/bal.vivadental.pl\/2017\/o-nas-2017\/#breadcrumb","itemListElement":[{"@type":"ListItem","position":1,"name":"Strona g\u0142\u00f3wna","item":"https:\/\/bal.vivadental.pl\/2017\/"},{"@type":"ListItem","position":2,"name":"O nas"}]}]}},"_links":{"self":[{"href":"https:\/\/bal.vivadental.pl\/2017\/wp-json\/wp\/v2\/pages\/60"}],"collection":[{"href":"https:\/\/bal.vivadental.pl\/2017\/wp-json\/wp\/v2\/pages"}],"about":[{"href":"https:\/\/bal.vivadental.pl\/2017\/wp-json\/wp\/v2\/types\/page"}],"author":[{"embeddable":true,"href":"https:\/\/bal.vivadental.pl\/2017\/wp-json\/wp\/v2\/users\/1"}],"replies":[{"embeddable":true,"href":"https:\/\/bal.vivadental.pl\/2017\/wp-json\/wp\/v2\/comments?post=60"}],"version-history":[{"count":0,"href":"https:\/\/bal.vivadental.pl\/2017\/wp-json\/wp\/v2\/pages\/60\/revisions"}],"wp:attachment":[{"href":"https:\/\/bal.vivadental.pl\/2017\/wp-json\/wp\/v2\/media?parent=60"}],"curies":[{"name":"wp","href":"https:\/\/api.w.org\/{rel}","templated":true}]}}

<p style="text-align: justify;">Fundacja dla Dzieci Vivadental to moja najważniejsza inicjatywa społeczna, koncentrująca się na pomaganiu najbardziej potrzebującym. Dysponując 25 letnim doświadczeniem lekarskim, prowadząc klinikę Vivadental ze świetną kadrą medyczną i doskonałym zapleczem technicznym, mogłam z pełną odpowiedzialnością podjąć decyzję o powołaniu Fundacji i oparciu jej działalności o posiadany potencjał.</p>
<p style="text-align: justify;">Odbiorcami pomocy Fundacji są przede wszystkim dzieci: niepełnosprawne, osierocone, nieuleczanie chore oraz młode osoby chorujące na oligodoncję- rzadką chorobę genetyczną. Prowadzimy również projekty edukacyjne w zakresie profilaktyki próchnicy i kreowania prawidłowej kultury zdrowia jamy ustnej, że szczególną uwagą skierowaną na potrzeby seniorów.</p>
<p style="text-align: justify;">Od roku 2014 Fundacja objęła nieodpłatnym leczeniem i diagnostyką stomatologiczną już ponad 180 dzieci z województwa pomorskiego. Wśród nich są dzieci z Ośrodków Rewalidacyjno – Wychowawczych „Żuławski Słonecznik” w Giemlicach oraz w Jeziernikach, z Domu Małych Dzieci im. Jacka Korczaka w Gdańsku, Rodzinnych Domów Dziecka ze Słupska, Gdańskiego Pogotowia Opiekuńczego, Placówki Opiekuńczo-Wychowawczej w Gdyni, młodzi sportowcy w Fundacji Obudź Nadzieję, podopieczni Stowarzyszenia Pomocy Osobom Autystycznym. Podejmujemy inicjatywy charytatywne współpracując z innymi fundacjami, dla których dobro dzieci skrzywdzonych przez los jest tak ważne jak dla nas, Fundacji dla Dzieci Vivadental.</p>
<p style="text-align: justify;">Podopiecznych i potrzeb przybywa, więć mimo najlepszych chęci nie jesteśmy z stanie im podołać bez wsparcia ludzi dobrej woli.</p>
<p style="text-align: justify;">Gorąco wierzę, że Drugi Bal Charytatywny zyska Państwa aprobatę, a połączenie filantropii z dobrą zabawą pozwoli, dzięki Waszym szlachetnym sercom, pomóc kolejnym dzieciom, aby mogły z uśmiechem pokonać trudności na swojej drodze.</p>
<p style="text-align: justify;"><em>Dr n. med. Violetta Szycik</em><br />
<em>Prezes Zarządu Fundacji dla Dzieci VIVADENTAL</em></p>
<p><img decoding="async" loading="lazy" class="alignnone size-medium wp-image-124" src="http://vivatv.webd.pl/bal/wp-content/uploads/2016/09/v-szycik-fundacja-500x262.jpg" alt="" width="500" height="262" srcset="https://bal.vivadental.pl/2017/wp-content/uploads/2016/09/v-szycik-fundacja-500x262.jpg 500w, https://bal.vivadental.pl/2017/wp-content/uploads/2016/09/v-szycik-fundacja-768x402.jpg 768w, https://bal.vivadental.pl/2017/wp-content/uploads/2016/09/v-szycik-fundacja-1024x536.jpg 1024w, https://bal.vivadental.pl/2017/wp-content/uploads/2016/09/v-szycik-fundacja.jpg 1200w" sizes="(max-width: 500px) 100vw, 500px" /></p>

<p>Fundacja dla Dzieci Vivadental to moja najważniejsza inicjatywa społeczna, koncentrująca się na pomaganiu najbardziej potrzebującym. Dysponując 25 letnim doświadczeniem lekarskim, prowadząc klinikę Vivadental ze świetną kadrą medyczną i doskonałym zapleczem technicznym, mogłam z pełną odpowiedzialnością podjąć decyzję o powołaniu Fundacji i oparciu jej działalności o posiadany potencjał. Odbiorcami pomocy Fundacji są przede wszystkim dzieci: niepełnosprawne, &#8230; <a title="O nas" class="read-more" href="https://bal.vivadental.pl/2017/o-nas-2017/" aria-label="More on O nas">Read more</a></p>

<!-- This site is optimized with the Yoast SEO plugin v19.2 - https://yoast.com/wordpress/plugins/seo/ -->
<title>O nas - Bal Vivadental - rok 2017</title>
<meta name="robots" content="index, follow, max-snippet:-1, max-image-preview:large, max-video-preview:-1" />
<link rel="canonical" href="https://bal.vivadental.pl/2017/o-nas-2017/" />
<meta property="og:locale" content="pl_PL" />
<meta property="og:type" content="article" />
<meta property="og:title" content="O nas - Bal Vivadental - rok 2017" />
<meta property="og:description" content="Fundacja dla Dzieci Vivadental to moja najważniejsza inicjatywa społeczna, koncentrująca się na pomaganiu najbardziej potrzebującym. Dysponując 25 letnim doświadczeniem lekarskim, prowadząc klinikę Vivadental ze świetną kadrą medyczną i doskonałym zapleczem technicznym, mogłam z pełną odpowiedzialnością podjąć decyzję o powołaniu Fundacji i oparciu jej działalności o posiadany potencjał. Odbiorcami pomocy Fundacji są przede wszystkim dzieci: niepełnosprawne, ... Read more" />
<meta property="og:url" content="https://bal.vivadental.pl/2017/o-nas-2017/" />
<meta property="og:site_name" content="Bal Vivadental - rok 2017" />
<meta property="og:image" content="http://vivatv.webd.pl/bal/wp-content/uploads/2016/09/v-szycik-fundacja-500x262.jpg" />
<meta name="author" content="Jarosław Szycik" />
<meta name="twitter:card" content="summary_large_image" />
<meta name="twitter:label1" content="Szacowany czas czytania" />
	<meta name="twitter:data1" content="1 minuta" />
<script type="application/ld+json" class="yoast-schema-graph">{"@context":"https://schema.org","@graph":[{"@type":"WebSite","@id":"https://bal.vivadental.pl/2017/#website","url":"https://bal.vivadental.pl/2017/","name":"Bal Vivadental - rok 2017","description":"Bal Vivadental - rok 2017","potentialAction":[{"@type":"SearchAction","target":{"@type":"EntryPoint","urlTemplate":"https://bal.vivadental.pl/2017/?s={search_term_string}"},"query-input":"required name=search_term_string"}],"inLanguage":"pl-PL"},{"@type":"ImageObject","inLanguage":"pl-PL","@id":"https://bal.vivadental.pl/2017/o-nas-2017/#primaryimage","url":"http://vivatv.webd.pl/bal/wp-content/uploads/2016/09/v-szycik-fundacja-500x262.jpg","contentUrl":"http://vivatv.webd.pl/bal/wp-content/uploads/2016/09/v-szycik-fundacja-500x262.jpg"},{"@type":"WebPage","@id":"https://bal.vivadental.pl/2017/o-nas-2017/#webpage","url":"https://bal.vivadental.pl/2017/o-nas-2017/","name":"O nas - Bal Vivadental - rok 2017","isPartOf":{"@id":"https://bal.vivadental.pl/2017/#website"},"primaryImageOfPage":{"@id":"https://bal.vivadental.pl/2017/o-nas-2017/#primaryimage"},"datePublished":"2017-08-21T08:53:49+00:00","dateModified":"2017-08-21T08:53:49+00:00","breadcrumb":{"@id":"https://bal.vivadental.pl/2017/o-nas-2017/#breadcrumb"},"inLanguage":"pl-PL","potentialAction":[{"@type":"ReadAction","target":["https://bal.vivadental.pl/2017/o-nas-2017/"]}]},{"@type":"BreadcrumbList","@id":"https://bal.vivadental.pl/2017/o-nas-2017/#breadcrumb","itemListElement":[{"@type":"ListItem","position":1,"name":"Strona główna","item":"https://bal.vivadental.pl/2017/"},{"@type":"ListItem","position":2,"name":"O nas"}]}]}</script>
<!-- / Yoast SEO plugin. -->

Fundacja dla Dzieci Vivadental to moja najważniejsza inicjatywa społeczna, koncentrująca się na pomaganiu najbardziej potrzebującym. Dysponując 25 letnim doświadczeniem lekarskim, prowadząc klinikę Vivadental ze świetną kadrą medyczną i doskonałym zapleczem technicznym, mogłam z pełną odpowiedzialnością podjąć decyzję o powołaniu Fundacji i oparciu jej działalności o posiadany potencjał. Odbiorcami pomocy Fundacji są przede wszystkim dzieci: niepełnosprawne, ... Read more

Jarosław Szycik

Strona główna
