{"id":12,"date":"2017-08-21T10:52:27","date_gmt":"2017-08-21T08:52:27","guid":{"rendered":"http:\/\/vivatv.webd.pl\/bal\/?page_id=1261"},"modified":"2021-11-29T22:22:08","modified_gmt":"2021-11-29T21:22:08","slug":"miejsce-2017","status":"publish","type":"page","link":"https:\/\/bal.vivadental.pl\/2017\/miejsce-2017\/","title":{"rendered":"Miejsce"},"content":{"rendered":"<p style=\"text-align: center;\">Drugi Bal Charytatywny Fundacji dla Dzieci Vivadental \u201eZ U\u015bmiechem w \u017bycie\u201d<\/p>\n<p style=\"text-align: center;\">Europejskie Centrum Solidarno\u015bci \u2013 18 listopada 2017 roku godzina 20.00<\/p>\n<p style=\"text-align: justify;\">Projekt Muzeum Solidarno\u015bci \u201ePolskie drogi do wolno\u015bci\u201d narodzi\u0142 si\u0119 w marcu 1998 roku, wed\u0142ug koncepcji przewodnicz\u0105cego Rady Miasta Gda\u0144ska Paw\u0142a Adamowicza i historyka dr. Jerzego Kukli\u0144skiego.<\/p>\n<p style=\"text-align: justify;\">\u201eChcemy w ten spos\u00f3b przela\u0107 nasze \u00f3wczesne idee na karty tera\u017aniejszo\u015bci z my\u015bl\u0105 o przysz\u0142ych pokoleniach\u201d \u2013 podkre\u015bla\u0142 Lech Wa\u0142\u0119sa, legendarny przyw\u00f3dca Solidarno\u015bci, podczas uroczystego podpisania aktu erekcyjnego w 2015 r. \u2013 Tak jak m\u00f3wili\u015bcie, \u017ce nie ma wolno\u015bci bez Solidarno\u015bci, ja m\u00f3wi\u0119, \u017ce nie ma Europy bez wolno\u015bci i solidarno\u015bci \u2013 m\u00f3wi\u0142 Jos\u00e9 Manuel Barroso, przewodnicz\u0105cy Komisji Europejskiej. \u2013 Europa dzi\u0119kuje Solidarno\u015bci za wszystko, co zrobi\u0142a.<\/p>\n<p style=\"text-align: justify;\">Projekt &#8211; do rywalizacji w mi\u0119dzynarodowym konkursie architektonicznym na opracowanie koncepcji budynku ECS przyst\u0105pi\u0142o 58 zespo\u0142\u00f3w architektonicznych z ca\u0142ego \u015bwiata. Zwyci\u0119zc\u0105 zosta\u0142o Przedsi\u0119biorstwo Projektowo-Wdro\u017ceniowe FORT z Gda\u0144ska. W koncepcji architekt\u00f3w bry\u0142\u0119 budynku ECS \u201ewinna charakteryzowa\u0107 skrajna prostota, taka jak ta, kt\u00f3ra cechowa\u0142a cele i metody dzia\u0142ania solidarno\u015bciowego\u201d. \u015aciany ob\u0142o\u017cono blach\u0105 corten, kt\u00f3ra swoim rdzawym kolorem nawi\u0105zuje do element\u00f3w kad\u0142ub\u00f3w stoczniowych. Pomnik Poleg\u0142ych Stoczniowc\u00f3w 1970, Brama nr 2 dawnej Stoczni Gda\u0144skiej im. Lenina i stoj\u0105ca nieopodal Sala BHP, gdzie 31 sierpnia 1980 strajkuj\u0105cy podpisali porozumienie z rz\u0105dem PRL, mia\u0142y si\u0119 sta\u0107 elementami wystawy sta\u0142ej ECS, kt\u00f3ra jest sercem budynku.<\/p>\n<p style=\"text-align: justify;\">\u00a0G\u0142\u00f3wnymi projektantami byli architekci: Wojciech Targowski, Piotr Mazur, Antoni Taraszkiewicz i Pawe\u0142 Czarzasty.<\/p>\n<p style=\"text-align: justify;\">\u00a0W fundamenty pod budow\u0119 Europejskiego Centrum Solidarno\u015bci w Gda\u0144sku wmurowano 14 maja 2011 kamie\u0144 w\u0119gielny. \u2013 Pami\u0119tamy nasze rozterki, \u017ce inne wa\u017cne wydarzenia sta\u0142y si\u0119 ikon\u0105 zmian w Europie. Chcemy, by to polska Solidarno\u015b\u0107 by\u0142a znakiem zmian na lepsze i likwidacji systemu totalitarnego. Trzeba upowszechnia\u0107 nasz\u0105 dum\u0119 tu w Gda\u0144sku \u2013 m\u00f3wi\u0142 prezydent Bronis\u0142aw Komorowski. \u2013 Idea solidarno\u015bci powinna trwa\u0107 i by\u0107 budowana niezale\u017cnie od wszystkich polskich spor\u00f3w, sympatii i antypatii.<\/p>\n<p style=\"text-align: justify;\">Siedziba ECS jest agor\u0105, gdzie przestrze\u0144 znajduj\u0105 ludzie i idee s\u0142u\u017c\u0105ce budowaniu i rozwojowi spo\u0142ecze\u0144stwa obywatelskiego, miejscem spotka\u0144 tych, kt\u00f3rym droga jest przysz\u0142o\u015b\u0107 \u015bwiata.<\/p>\n<p style=\"text-align: justify;\">Nagroda Muzealnej Rady Europy- \u00a0Jeszcze nigdy w 40-letniej historii tej znacz\u0105cej nagrody, nie otrzyma\u0142a jej plac\u00f3wka z Polski. W 2016 roku to wyr\u00f3\u017cnienie sta\u0142o si\u0119 udzia\u0142em Europejskiego Centrum Solidarno\u015bci w Gda\u0144sku. Zdaniem jury ECS jest \u201efascynuj\u0105cym przyk\u0142adem instytucji kultury dzia\u0142aj\u0105cej na rzecz promocji wolno\u015bci i solidarno\u015bci\u201d, a wydarzenia, do kt\u00f3rych si\u0119 odwo\u0142uje i program instytucji \u201eczyni z niego forum wsp\u00f3\u0142czesnej Europy\u201d.<\/p>\n<p style=\"text-align: justify;\">Historyczny zesp\u00f3\u0142 obiekt\u00f3w Stoczni Gda\u0144skiej \u2013 Sala BHP, Brama nr 2, plac Solidarno\u015bci z pomnikiem Poleg\u0142ych Stoczniowc\u00f3w 1970 roku \u2013 oraz Europejskie Centrum Solidarno\u015bci, prowadz\u0105ce szerokie dzia\u0142ania edukacyjne i promuj\u0105ce dziedzictwo Solidarno\u015bci, wyr\u00f3\u017cnione zosta\u0142y Znakiem Dziedzictwa Europejskiego. W ten spos\u00f3b oznaczane s\u0105 miejsca szczeg\u00f3lnie istotne dla historii i kultury europejskiej, zwi\u0105zane z ide\u0105 zjednoczenia oraz warto\u015bciami demokratycznymi i humanistycznymi o ponadnarodowym znaczeniu.<\/p>\n","protected":false},"excerpt":{"rendered":"<p>Drugi Bal Charytatywny Fundacji dla Dzieci Vivadental \u201eZ U\u015bmiechem w \u017bycie\u201d Europejskie Centrum Solidarno\u015bci \u2013 18 listopada 2017 roku godzina 20.00 Projekt Muzeum Solidarno\u015bci \u201ePolskie drogi do wolno\u015bci\u201d narodzi\u0142 si\u0119 w marcu 1998 roku, wed\u0142ug koncepcji przewodnicz\u0105cego Rady Miasta Gda\u0144ska Paw\u0142a Adamowicza i historyka dr. Jerzego Kukli\u0144skiego. \u201eChcemy w ten spos\u00f3b przela\u0107 nasze \u00f3wczesne idee &#8230; <a title=\"Miejsce\" class=\"read-more\" href=\"https:\/\/bal.vivadental.pl\/2017\/miejsce-2017\/\" aria-label=\"More on Miejsce\">Read more<\/a><\/p>\n","protected":false},"author":1,"featured_media":0,"parent":0,"menu_order":0,"comment_status":"closed","ping_status":"closed","template":"","meta":{"_editorskit_title_hidden":false,"_editorskit_reading_time":0,"_editorskit_typography_data":[],"_editorskit_blocks_typography":"","_editorskit_is_block_options_detached":false,"_editorskit_block_options_position":"{}","_monsterinsights_skip_tracking":false,"_monsterinsights_sitenote_active":false,"_monsterinsights_sitenote_note":"","_monsterinsights_sitenote_category":0},"yoast_head":"<!-- This site is optimized with the Yoast SEO plugin v19.2 - https:\/\/yoast.com\/wordpress\/plugins\/seo\/ -->\n<title>Miejsce - Bal Vivadental - rok 2017<\/title>\n<meta name=\"robots\" content=\"index, follow, max-snippet:-1, max-image-preview:large, max-video-preview:-1\" \/>\n<link rel=\"canonical\" href=\"https:\/\/bal.vivadental.pl\/2017\/miejsce-2017\/\" \/>\n<meta property=\"og:locale\" content=\"pl_PL\" \/>\n<meta property=\"og:type\" content=\"article\" \/>\n<meta property=\"og:title\" content=\"Miejsce - Bal Vivadental - rok 2017\" \/>\n<meta property=\"og:description\" content=\"Drugi Bal Charytatywny Fundacji dla Dzieci Vivadental \u201eZ U\u015bmiechem w \u017bycie\u201d Europejskie Centrum Solidarno\u015bci \u2013 18 listopada 2017 roku godzina 20.00 Projekt Muzeum Solidarno\u015bci \u201ePolskie drogi do wolno\u015bci\u201d narodzi\u0142 si\u0119 w marcu 1998 roku, wed\u0142ug koncepcji przewodnicz\u0105cego Rady Miasta Gda\u0144ska Paw\u0142a Adamowicza i historyka dr. Jerzego Kukli\u0144skiego. \u201eChcemy w ten spos\u00f3b przela\u0107 nasze \u00f3wczesne idee ... Read more\" \/>\n<meta property=\"og:url\" content=\"https:\/\/bal.vivadental.pl\/2017\/miejsce-2017\/\" \/>\n<meta property=\"og:site_name\" content=\"Bal Vivadental - rok 2017\" \/>\n<meta property=\"article:modified_time\" content=\"2021-11-29T21:22:08+00:00\" \/>\n<meta name=\"author\" content=\"Jaros\u0142aw Szycik\" \/>\n<meta name=\"twitter:card\" content=\"summary_large_image\" \/>\n<meta name=\"twitter:label1\" content=\"Szacowany czas czytania\" \/>\n\t<meta name=\"twitter:data1\" content=\"2 minuty\" \/>\n<script type=\"application\/ld+json\" class=\"yoast-schema-graph\">{\"@context\":\"https:\/\/schema.org\",\"@graph\":[{\"@type\":\"WebSite\",\"@id\":\"https:\/\/bal.vivadental.pl\/2017\/#website\",\"url\":\"https:\/\/bal.vivadental.pl\/2017\/\",\"name\":\"Bal Vivadental - rok 2017\",\"description\":\"Bal Vivadental - rok 2017\",\"potentialAction\":[{\"@type\":\"SearchAction\",\"target\":{\"@type\":\"EntryPoint\",\"urlTemplate\":\"https:\/\/bal.vivadental.pl\/2017\/?s={search_term_string}\"},\"query-input\":\"required name=search_term_string\"}],\"inLanguage\":\"pl-PL\"},{\"@type\":\"WebPage\",\"@id\":\"https:\/\/bal.vivadental.pl\/2017\/miejsce-2017\/#webpage\",\"url\":\"https:\/\/bal.vivadental.pl\/2017\/miejsce-2017\/\",\"name\":\"Miejsce - Bal Vivadental - rok 2017\",\"isPartOf\":{\"@id\":\"https:\/\/bal.vivadental.pl\/2017\/#website\"},\"datePublished\":\"2017-08-21T08:52:27+00:00\",\"dateModified\":\"2021-11-29T21:22:08+00:00\",\"breadcrumb\":{\"@id\":\"https:\/\/bal.vivadental.pl\/2017\/miejsce-2017\/#breadcrumb\"},\"inLanguage\":\"pl-PL\",\"potentialAction\":[{\"@type\":\"ReadAction\",\"target\":[\"https:\/\/bal.vivadental.pl\/2017\/miejsce-2017\/\"]}]},{\"@type\":\"BreadcrumbList\",\"@id\":\"https:\/\/bal.vivadental.pl\/2017\/miejsce-2017\/#breadcrumb\",\"itemListElement\":[{\"@type\":\"ListItem\",\"position\":1,\"name\":\"Strona g\u0142\u00f3wna\",\"item\":\"https:\/\/bal.vivadental.pl\/2017\/\"},{\"@type\":\"ListItem\",\"position\":2,\"name\":\"Miejsce\"}]}]}<\/script>\n<!-- \/ Yoast SEO plugin. -->","yoast_head_json":{"title":"Miejsce - Bal Vivadental - rok 2017","robots":{"index":"index","follow":"follow","max-snippet":"max-snippet:-1","max-image-preview":"max-image-preview:large","max-video-preview":"max-video-preview:-1"},"canonical":"https:\/\/bal.vivadental.pl\/2017\/miejsce-2017\/","og_locale":"pl_PL","og_type":"article","og_title":"Miejsce - Bal Vivadental - rok 2017","og_description":"Drugi Bal Charytatywny Fundacji dla Dzieci Vivadental \u201eZ U\u015bmiechem w \u017bycie\u201d Europejskie Centrum Solidarno\u015bci \u2013 18 listopada 2017 roku godzina 20.00 Projekt Muzeum Solidarno\u015bci \u201ePolskie drogi do wolno\u015bci\u201d narodzi\u0142 si\u0119 w marcu 1998 roku, wed\u0142ug koncepcji przewodnicz\u0105cego Rady Miasta Gda\u0144ska Paw\u0142a Adamowicza i historyka dr. Jerzego Kukli\u0144skiego. \u201eChcemy w ten spos\u00f3b przela\u0107 nasze \u00f3wczesne idee ... Read more","og_url":"https:\/\/bal.vivadental.pl\/2017\/miejsce-2017\/","og_site_name":"Bal Vivadental - rok 2017","article_modified_time":"2021-11-29T21:22:08+00:00","author":"Jaros\u0142aw Szycik","twitter_card":"summary_large_image","twitter_misc":{"Szacowany czas czytania":"2 minuty"},"schema":{"@context":"https:\/\/schema.org","@graph":[{"@type":"WebSite","@id":"https:\/\/bal.vivadental.pl\/2017\/#website","url":"https:\/\/bal.vivadental.pl\/2017\/","name":"Bal Vivadental - rok 2017","description":"Bal Vivadental - rok 2017","potentialAction":[{"@type":"SearchAction","target":{"@type":"EntryPoint","urlTemplate":"https:\/\/bal.vivadental.pl\/2017\/?s={search_term_string}"},"query-input":"required name=search_term_string"}],"inLanguage":"pl-PL"},{"@type":"WebPage","@id":"https:\/\/bal.vivadental.pl\/2017\/miejsce-2017\/#webpage","url":"https:\/\/bal.vivadental.pl\/2017\/miejsce-2017\/","name":"Miejsce - Bal Vivadental - rok 2017","isPartOf":{"@id":"https:\/\/bal.vivadental.pl\/2017\/#website"},"datePublished":"2017-08-21T08:52:27+00:00","dateModified":"2021-11-29T21:22:08+00:00","breadcrumb":{"@id":"https:\/\/bal.vivadental.pl\/2017\/miejsce-2017\/#breadcrumb"},"inLanguage":"pl-PL","potentialAction":[{"@type":"ReadAction","target":["https:\/\/bal.vivadental.pl\/2017\/miejsce-2017\/"]}]},{"@type":"BreadcrumbList","@id":"https:\/\/bal.vivadental.pl\/2017\/miejsce-2017\/#breadcrumb","itemListElement":[{"@type":"ListItem","position":1,"name":"Strona g\u0142\u00f3wna","item":"https:\/\/bal.vivadental.pl\/2017\/"},{"@type":"ListItem","position":2,"name":"Miejsce"}]}]}},"_links":{"self":[{"href":"https:\/\/bal.vivadental.pl\/2017\/wp-json\/wp\/v2\/pages\/12"}],"collection":[{"href":"https:\/\/bal.vivadental.pl\/2017\/wp-json\/wp\/v2\/pages"}],"about":[{"href":"https:\/\/bal.vivadental.pl\/2017\/wp-json\/wp\/v2\/types\/page"}],"author":[{"embeddable":true,"href":"https:\/\/bal.vivadental.pl\/2017\/wp-json\/wp\/v2\/users\/1"}],"replies":[{"embeddable":true,"href":"https:\/\/bal.vivadental.pl\/2017\/wp-json\/wp\/v2\/comments?post=12"}],"version-history":[{"count":2,"href":"https:\/\/bal.vivadental.pl\/2017\/wp-json\/wp\/v2\/pages\/12\/revisions"}],"predecessor-version":[{"id":85,"href":"https:\/\/bal.vivadental.pl\/2017\/wp-json\/wp\/v2\/pages\/12\/revisions\/85"}],"wp:attachment":[{"href":"https:\/\/bal.vivadental.pl\/2017\/wp-json\/wp\/v2\/media?parent=12"}],"curies":[{"name":"wp","href":"https:\/\/api.w.org\/{rel}","templated":true}]}}

<p style="text-align: center;">Drugi Bal Charytatywny Fundacji dla Dzieci Vivadental „Z Uśmiechem w Życie”</p>
<p style="text-align: center;">Europejskie Centrum Solidarności – 18 listopada 2017 roku godzina 20.00</p>
<p style="text-align: justify;">Projekt Muzeum Solidarności „Polskie drogi do wolności” narodził się w marcu 1998 roku, według koncepcji przewodniczącego Rady Miasta Gdańska Pawła Adamowicza i historyka dr. Jerzego Kuklińskiego.</p>
<p style="text-align: justify;">„Chcemy w ten sposób przelać nasze ówczesne idee na karty teraźniejszości z myślą o przyszłych pokoleniach” – podkreślał Lech Wałęsa, legendarny przywódca Solidarności, podczas uroczystego podpisania aktu erekcyjnego w 2015 r. – Tak jak mówiliście, że nie ma wolności bez Solidarności, ja mówię, że nie ma Europy bez wolności i solidarności – mówił José Manuel Barroso, przewodniczący Komisji Europejskiej. – Europa dziękuje Solidarności za wszystko, co zrobiła.</p>
<p style="text-align: justify;">Projekt &#8211; do rywalizacji w międzynarodowym konkursie architektonicznym na opracowanie koncepcji budynku ECS przystąpiło 58 zespołów architektonicznych z całego świata. Zwycięzcą zostało Przedsiębiorstwo Projektowo-Wdrożeniowe FORT z Gdańska. W koncepcji architektów bryłę budynku ECS „winna charakteryzować skrajna prostota, taka jak ta, która cechowała cele i metody działania solidarnościowego”. Ściany obłożono blachą corten, która swoim rdzawym kolorem nawiązuje do elementów kadłubów stoczniowych. Pomnik Poległych Stoczniowców 1970, Brama nr 2 dawnej Stoczni Gdańskiej im. Lenina i stojąca nieopodal Sala BHP, gdzie 31 sierpnia 1980 strajkujący podpisali porozumienie z rządem PRL, miały się stać elementami wystawy stałej ECS, która jest sercem budynku.</p>
<p style="text-align: justify;"> Głównymi projektantami byli architekci: Wojciech Targowski, Piotr Mazur, Antoni Taraszkiewicz i Paweł Czarzasty.</p>
<p style="text-align: justify;"> W fundamenty pod budowę Europejskiego Centrum Solidarności w Gdańsku wmurowano 14 maja 2011 kamień węgielny. – Pamiętamy nasze rozterki, że inne ważne wydarzenia stały się ikoną zmian w Europie. Chcemy, by to polska Solidarność była znakiem zmian na lepsze i likwidacji systemu totalitarnego. Trzeba upowszechniać naszą dumę tu w Gdańsku – mówił prezydent Bronisław Komorowski. – Idea solidarności powinna trwać i być budowana niezależnie od wszystkich polskich sporów, sympatii i antypatii.</p>
<p style="text-align: justify;">Siedziba ECS jest agorą, gdzie przestrzeń znajdują ludzie i idee służące budowaniu i rozwojowi społeczeństwa obywatelskiego, miejscem spotkań tych, którym droga jest przyszłość świata.</p>
<p style="text-align: justify;">Nagroda Muzealnej Rady Europy-  Jeszcze nigdy w 40-letniej historii tej znaczącej nagrody, nie otrzymała jej placówka z Polski. W 2016 roku to wyróżnienie stało się udziałem Europejskiego Centrum Solidarności w Gdańsku. Zdaniem jury ECS jest „fascynującym przykładem instytucji kultury działającej na rzecz promocji wolności i solidarności”, a wydarzenia, do których się odwołuje i program instytucji „czyni z niego forum współczesnej Europy”.</p>
<p style="text-align: justify;">Historyczny zespół obiektów Stoczni Gdańskiej – Sala BHP, Brama nr 2, plac Solidarności z pomnikiem Poległych Stoczniowców 1970 roku – oraz Europejskie Centrum Solidarności, prowadzące szerokie działania edukacyjne i promujące dziedzictwo Solidarności, wyróżnione zostały Znakiem Dziedzictwa Europejskiego. W ten sposób oznaczane są miejsca szczególnie istotne dla historii i kultury europejskiej, związane z ideą zjednoczenia oraz wartościami demokratycznymi i humanistycznymi o ponadnarodowym znaczeniu.</p>

<p>Drugi Bal Charytatywny Fundacji dla Dzieci Vivadental „Z Uśmiechem w Życie” Europejskie Centrum Solidarności – 18 listopada 2017 roku godzina 20.00 Projekt Muzeum Solidarności „Polskie drogi do wolności” narodził się w marcu 1998 roku, według koncepcji przewodniczącego Rady Miasta Gdańska Pawła Adamowicza i historyka dr. Jerzego Kuklińskiego. „Chcemy w ten sposób przelać nasze ówczesne idee &#8230; <a title="Miejsce" class="read-more" href="https://bal.vivadental.pl/2017/miejsce-2017/" aria-label="More on Miejsce">Read more</a></p>

<!-- This site is optimized with the Yoast SEO plugin v19.2 - https://yoast.com/wordpress/plugins/seo/ -->
<title>Miejsce - Bal Vivadental - rok 2017</title>
<meta name="robots" content="index, follow, max-snippet:-1, max-image-preview:large, max-video-preview:-1" />
<link rel="canonical" href="https://bal.vivadental.pl/2017/miejsce-2017/" />
<meta property="og:locale" content="pl_PL" />
<meta property="og:type" content="article" />
<meta property="og:title" content="Miejsce - Bal Vivadental - rok 2017" />
<meta property="og:description" content="Drugi Bal Charytatywny Fundacji dla Dzieci Vivadental „Z Uśmiechem w Życie” Europejskie Centrum Solidarności – 18 listopada 2017 roku godzina 20.00 Projekt Muzeum Solidarności „Polskie drogi do wolności” narodził się w marcu 1998 roku, według koncepcji przewodniczącego Rady Miasta Gdańska Pawła Adamowicza i historyka dr. Jerzego Kuklińskiego. „Chcemy w ten sposób przelać nasze ówczesne idee ... Read more" />
<meta property="og:url" content="https://bal.vivadental.pl/2017/miejsce-2017/" />
<meta property="og:site_name" content="Bal Vivadental - rok 2017" />
<meta property="article:modified_time" content="2021-11-29T21:22:08+00:00" />
<meta name="author" content="Jarosław Szycik" />
<meta name="twitter:card" content="summary_large_image" />
<meta name="twitter:label1" content="Szacowany czas czytania" />
	<meta name="twitter:data1" content="2 minuty" />
<script type="application/ld+json" class="yoast-schema-graph">{"@context":"https://schema.org","@graph":[{"@type":"WebSite","@id":"https://bal.vivadental.pl/2017/#website","url":"https://bal.vivadental.pl/2017/","name":"Bal Vivadental - rok 2017","description":"Bal Vivadental - rok 2017","potentialAction":[{"@type":"SearchAction","target":{"@type":"EntryPoint","urlTemplate":"https://bal.vivadental.pl/2017/?s={search_term_string}"},"query-input":"required name=search_term_string"}],"inLanguage":"pl-PL"},{"@type":"WebPage","@id":"https://bal.vivadental.pl/2017/miejsce-2017/#webpage","url":"https://bal.vivadental.pl/2017/miejsce-2017/","name":"Miejsce - Bal Vivadental - rok 2017","isPartOf":{"@id":"https://bal.vivadental.pl/2017/#website"},"datePublished":"2017-08-21T08:52:27+00:00","dateModified":"2021-11-29T21:22:08+00:00","breadcrumb":{"@id":"https://bal.vivadental.pl/2017/miejsce-2017/#breadcrumb"},"inLanguage":"pl-PL","potentialAction":[{"@type":"ReadAction","target":["https://bal.vivadental.pl/2017/miejsce-2017/"]}]},{"@type":"BreadcrumbList","@id":"https://bal.vivadental.pl/2017/miejsce-2017/#breadcrumb","itemListElement":[{"@type":"ListItem","position":1,"name":"Strona główna","item":"https://bal.vivadental.pl/2017/"},{"@type":"ListItem","position":2,"name":"Miejsce"}]}]}</script>
<!-- / Yoast SEO plugin. -->

Drugi Bal Charytatywny Fundacji dla Dzieci Vivadental „Z Uśmiechem w Życie” Europejskie Centrum Solidarności – 18 listopada 2017 roku godzina 20.00 Projekt Muzeum Solidarności „Polskie drogi do wolności” narodził się w marcu 1998 roku, według koncepcji przewodniczącego Rady Miasta Gdańska Pawła Adamowicza i historyka dr. Jerzego Kuklińskiego. „Chcemy w ten sposób przelać nasze ówczesne idee ... Read more

Jarosław Szycik

Strona główna
